t of a?
4
Let d = -10 + 17. Suppose a - d = -5. Let i(m) = 2*m + 1. What is the units digit of i(a)?
5
Let s = 2186 - -1990. What is the hundreds digit of s?
1
Let s = -2451 - -3582. What is the hundreds digit of s?
1
What is the tens digit of (-4 + (-3690)/(-27))*(-66)/(-4)?
8
Let v = 812 - 716. What is the tens digit of v?
9
Let k(a) = a**2 + 5*a - 10. Let w(n) = n**2 - 5*n - 10. Let z be w(7). What is the tens digit of k(z)?
2
Suppose 56 + 24 = 5*j. Let w(y) = y - 13. Let k be w(j). Suppose k*x + 5*v - 98 = -0*v, -4*x - v = -159. What is the units digit of x?
1
Let m(q) = q + 13. Let b(d) = d + 14. Let n(r) = -3*b(r) + 4*m(r). Let l be n(-7). Suppose l*g + 0*g - 42 = 0. What is the units digit of g?
4
Let h(k) = k**3 + 4*k**2 - 6*k - 1. Let l be h(-5). Let z = -2 + l. Suppose -z*a + 14 = -50. What is the tens digit of a?
3
Let u = 0 + 2. Let q(y) = 8*y**3 - 3*y - 1. What is the tens digit of q(u)?
5
Let p(o) = -2*o**2 + 25*o + 19. Let w be p(13). Let t(g) = 16*g + 11. What is the units digit of t(w)?
7
Let k(s) be the third derivative of s**5/30 + s**4/24 + 27*s**3 + 37*s**2. What is the tens digit of k(0)?
6
Suppose 4*u = -3*f + 189, -5*f = -3*u - 405 + 61. Let k = f - 62. What is the units digit of k?
5
Let z = -1092 + 3850. What is the units digit of z?
8
Suppose -4*u - g + 181 = 0, 0 = u + 2*u + 3*g - 129. Let m = u - 20. What is the tens digit of m?
2
Suppose -45*v = -32*v - 20540. What is the hundreds digit of v?
5
Let n = -166 - -298. Let k be (-597)/(-7) + 10/(-35). Let x = n - k. What is the tens digit of x?
4
Let s = 125 + 652. What is the tens digit of s?
7
Suppose 2*s - l = 20, 0*s + s - 3 = -3*l. Suppose -2*f + s - 1 = 0. Suppose -5*a = -f*b + 143, -2*a + 39 = b - 0*a. What is the units digit of b?
7
Suppose 4*o = -3*t + 31, o + o - 3 = t. Suppose t*q - 9 = 1. Suppose 0 = 3*z + 5*g - 26, 5*z + q*g - 30 = 7*g. What is the units digit of z?
7
Suppose -5*t + 15*t = 2770. Let h = t + -189. What is the tens digit of h?
8
Let s = 5310 - 2972. What is the thousands digit of s?
2
Let p(g) = -g**2 - 13*g + 26. Let y be p(-15). Let n = y + 146. What is the hundreds digit of n?
1
Let o = -10090 - -15765. What is the thousands digit of o?
5
Let f(y) = y**3 + 18*y**2 - 28*y - 28. Let w = -70 + 51. What is the hundreds digit of f(w)?
1
Let n(h) = 29*h**3 - 2*h**2 + 6*h - 7. Let z(f) = -f**3 - 2*f**2 - 7*f - 12. Let t be z(-2). What is the units digit of n(t)?
9
Suppose 10*k - 3585 = 6*k + 3*f, -k = -4*f - 880. What is the units digit of k?
0
Suppose 2*l - u + 42 = -0*u, 5*u = -4*l - 112. Let h = -15 - l. Suppose 43 = 3*w - h. What is the units digit of w?
7
Let k = -18 + 21. Let o be 1/(1 - k)*-6. Suppose 53 = 2*n - o. What is the tens digit of n?
2
Suppose 5*v - 3*f = 3*v + 3, 0 = 4*f - 4. Suppose -t - 3 = v. What is the tens digit of ((-1)/2)/(t/132)?
1
Suppose -2*l - 4*c = -868 - 1100, -3*c = -6. What is the units digit of l?
0
Let i(q) = q**3 - q + 42. Suppose -r - 2*s - 8 = 0, -s + 3*s + 8 = 0. What is the units digit of i(r)?
2
Suppose 24 + 16 = -2*y. Let z = y - -24. What is the tens digit of z/6*129/2?
4
Let v be 4/(-6)*(-3)/1. Let g(u) = 6 - 14*u**2 + 11*u**2 - 8*u + 8*u**v + 28*u. What is the tens digit of g(-6)?
6
Suppose -n - n - 390 = 2*b, 4*n - b = -765. Let w = -81 - n. What is the tens digit of w?
1
Suppose -6429 = -3*v + 8*y - 7*y, -2*v - 3*y + 4286 = 0. What is the thousands digit of v?
2
Suppose -153 = d + 10. Let x = -45 - d. What is the units digit of x?
8
Suppose -w + 2*n = -2*w + 77, -w = 3*n - 72. Suppose -6*j + 3*j + 291 = 4*u, -w = -u + 4*j. What is the units digit of u?
5
Suppose 4*z = 1 + 11. Suppose 3*u - 2*u = -2*v + 100, z*u + 159 = 3*v. What is the units digit of v?
1
Suppose -2*n - 5*s + 2074 = 0, -2*s = -12*n + 7*n + 5156. What is the hundreds digit of n?
0
What is the tens digit of ((-29348)/88)/(2/(-4))?
6
What is the units digit of (1 + 36/(-8))*-578?
3
Suppose 0 = 3*z + u - 6594, 4*u - 11173 = -5*z - 183. What is the units digit of z?
8
Suppose 3*p + p = -36. Let y(c) = -2 + 2*c**2 - 1 - 11*c**2 - 6*c + 6*c**3 - 7*c**3. What is the tens digit of y(p)?
5
Let m(n) = 9*n**2 - 50*n + 4. What is the hundreds digit of m(24)?
9
Let c(j) = 3*j - 5. Let i(z) = -10*z + 16. Let p(h) = h**2 + 7*h + 10. Let g be p(-6). Let x(u) = g*i(u) + 14*c(u). What is the units digit of x(5)?
4
Suppose 0 = 2*t - t + 21. What is the units digit of (1 - t)/(6 + -4)?
1
Suppose 8*y = 2*y + 84. Suppose y = 5*i - 16. What is the units digit of i?
6
Let u = 6 + -5. Let r be ((-32)/(-20))/(u/50). Suppose 0 = -2*z - 4*p + 8 + r, -4*z = p - 162. What is the units digit of z?
0
Let z = -14 + 3. Let f = z + 15. Suppose 5*c - 3*r = f, r + 0*r - 6 = -2*c. What is the units digit of c?
2
Let z = -7 + -7. Let k = z - -14. Suppose -b - 2*b + 75 = k. What is the tens digit of b?
2
Let h(j) = j**3 + 11*j**2 + 20*j + 11. Suppose -5*p - 24 = -2*p. What is the units digit of h(p)?
3
Suppose -5*f = -8*f + 78. Suppose 0 = -o + f + 16. Suppose 3*v = v + o. What is the units digit of v?
1
Let s = 20 + -64. Let m = s - -71. What is the units digit of m?
7
Suppose 10 = -19*o + 21*o. What is the hundreds digit of ((-111)/(-2))/(o + (-111)/24)?
1
Let a(k) = -k + 1. Let r be a(-2). Let o be (30/20)/(r/4). Suppose 0 = -o*c - 0*c + 28. What is the units digit of c?
4
Let b = -25 + 30. Suppose 355 = 3*m + b*p, m = 3*m + 4*p - 238. Suppose -2*j = -2*d + 50, -3*d + 2*j + m = 7*j. What is the units digit of d?
0
Let j be (7 + -10)*(-3 + 2). What is the tens digit of 2920/12 + 2/j?
4
Suppose -7*g - 2262 = -8*g + b, 6796 = 3*g + 2*b. What is the units digit of g?
4
Let u = -2 - 0. What is the units digit of (7 + -5)*(-23)/u?
3
Suppose 0 = -4*z - 8 - 28. Let b = -6 - z. What is the units digit of 3 + b/(-6)*0?
3
Let z = -1369 - -1731. What is the tens digit of z?
6
Suppose 3*d + m + m = -124, d + 39 = -3*m. Let k = 60 + d. What is the units digit of k?
8
Suppose -4*g = -3*h - 44, -2*h = -6*g + 7*g. Suppose -g*n - 93 + 413 = 0. What is the units digit of n?
0
Let j = -229 + 255. What is the tens digit of j?
2
Let a = -12 + 5. Let b = 4 + a. What is the units digit of (-2 + -4)*b/3?
6
Let s = -31 - -42. Suppose 0 = -s*z + 3*z + 232. What is the tens digit of z?
2
What is the tens digit of 16*(-30)/(-3)*1?
6
Let o = -13 - -15. Suppose -j - o = j. What is the units digit of -3 - (57 - j)/(-2)?
6
Let w(z) = 6*z**2 - 3*z - 30. What is the units digit of w(5)?
5
What is the units digit of (123 + -2069)*(1 - -1)/(-2)?
6
Let a(s) = -7*s + 1. What is the units digit of a(0)?
1
Let s(c) = 158*c**2 + 5*c + 5. What is the hundreds digit of s(-1)?
1
Let u = -11 - -11. Suppose m = 3*d - 50, u = m - 3*m + 8. What is the units digit of 11/(2/d*3)?
3
Let g(t) = 191*t + 65. What is the tens digit of g(4)?
2
Let t(x) = -x**2 + 7*x - 4. Let r be t(4). Suppose 132 - 4 = -r*n. What is the tens digit of 4/(n/(-44))*2?
2
Let y be 270/75 + 4/10. Suppose -f + 2 = -y. Suppose f*x = -0*x + 270. What is the tens digit of x?
4
What is the tens digit of 159/2*80/12?
3
Let c be 2*(-4)/16*12. Let i = c + 1. Let y = 8 - i. What is the tens digit of y?
1
Let p be 1099/21 - 2/6. Let r = p + -36. What is the units digit of (-1)/(-4) + 876/r?
5
Let u be -1*((-3)/1 + 3). Suppose 5*r - 297 - 363 = u. What is the hundreds digit of r?
1
Suppose 40*d - 1056 = 24*d. What is the tens digit of d?
6
Let s be 12 + -16 - 2/2. Let r = s + -2. Let i(y) = -y**2 - 7*y + 11. What is the units digit of i(r)?
1
Let r = -2671 - -5057. What is the hundreds digit of r?
3
Suppose -11*u = -13*u + 4. Suppose 2*s = -3*s + 2*w + 100, u*s + 5*w = 69. What is the units digit of s?
2
Let r be (-602)/12 + 10/60. What is the units digit of (r/20)/((-1)/2)?
5
Suppose 8*z - 3*z = 0. Suppose 2*p - 5*a - 135 = -z*a, 5*p = 4*a + 380. What is the units digit of p?
0
Let i(a) = 31*a**2 + 31*a - 146. What is the units digit of i(6)?
6
Let y(i) = -41 + 42 - 5*i - i. Let h be y(-1). Suppose -t = -h*m + 3*m - 6, t - 18 = -2*m. What is the units digit of t?
4
Let t(v) = -5*v**3 - 8*v**2 + 3*v - 3. What is the tens digit of t(-4)?
7
Let h(a) = -75*a + 25. What is the hundreds digit of h(-4)?
3
Let a = 375 + -366. Suppose b - 3 + 0 = 0. Suppose 0 = -0*l - b*l + a. What is the units digit of l?
3
Let o(v) = 13*v - 12. Let m be o(7). Let h = -20 + 